1 prime?
True
Is 35589 prime?
False
Is 20699 prime?
False
Is 483281 prime?
True
Is 15401 a prime number?
True
Is 136133 a prime number?
True
Is 1798289 composite?
False
Is 25793 a prime number?
True
Is 1577181 prime?
False
Is 24437 a prime number?
False
Is 62753 composite?
False
Is 98837 composite?
False
Is 1962515 a prime number?
False
Is 877 a composite number?
False
Is 5809 a prime number?
False
Is 114067 composite?
False
Is 516419 prime?
False
Is 25291 prime?
False
Is 757607 prime?
True
Is 1901 composite?
False
Is 6947 composite?
False
Is 315982 prime?
False
Is 537841 a composite number?
False
Is 10301 prime?
True
Is 102367 composite?
False
Is 1589377 prime?
True
Is 11027 composite?
False
Is 2183 a composite number?
True
Is 206977 prime?
False
Is 22853 a prime number?
True
Is 881635 a prime number?
False
Is 35543 composite?
False
Is 161 composite?
True
Is 3269 a prime number?
False
Is 44053 composite?
False
Is 4463 composite?
False
Is 5981 composite?
False
Is 73417 a prime number?
True
Is 821 composite?
False
Is 496533 composite?
True
Is 1501 a prime number?
False
Is 63538 composite?
True
Is 12233 prime?
False
Is 192274 composite?
True
Is 87833 prime?
True
Is 23813 composite?
False
Is 398579 composite?
True
Is 31307 composite?
False
Is 14071 composite?
False
Is 6121 a prime number?
True
Is 3233201 a composite number?
False
Is 5429 composite?
True
Is 11498 composite?
True
Is 950657 a prime number?
False
Is 19739 a composite number?
False
Is 55802 prime?
False
Is 15091 prime?
True
Is 2809 prime?
False
Is 10061 composite?
False
Is 2101069 prime?
False
Is 16295 prime?
False
Is 2554 a prime number?
False
Is 47953 prime?
False
Is 30755 prime?
False
Is 9487 a composite number?
True
Is 532241 composite?
False
Is 29135 composite?
True
Is 201557 prime?
True
Is 496537 prime?
False
Is 120007 a composite number?
True
Is 365809 a prime number?
True
Is 117643 prime?
True
Is 19529 prime?
False
Is 325597 prime?
True
Is 7311 composite?
True
Is 97757 prime?
False
Is 4714 a composite number?
True
Is 4989 a prime number?
False
Is 1183561 a composite number?
False
Is 2435 a prime number?
False
Is 58403 a prime number?
True
Is 10949 a prime number?
True
Is 36973 a composite number?
False
Is 407549 a prime number?
False
Is 4620205 a composite number?
True
Is 102397 a prime number?
True
Is 617819 a composite number?
False
Is 174221 prime?
True
Is 25439 composite?
False
Is 25535 composite?
True
Is 258847 prime?
True
Is 4881 a composite number?
True
Is 12494 a composite number?
True
Is 13537 a composite number?
False
Is 8147 prime?
True
Is 901 prime?
False
Is 5221 prime?
False
Is 70991 composite?
False
Is 14081 a composite number?
False
Is 26681 a prime number?
True
Is 110111 a composite number?
True
Is 4681 a composite number?
True
Is 710081 composite?
False
Is 1145603 a prime number?
False
Is 204737 prime?
False
Is 7543 composite?
True
Is 3217 prime?
True
Is 30829 a prime number?
True
Is 12286 prime?
False
Is 17233 a prime number?
False
Is 3437 a prime number?
False
Is 5269 prime?
False
Is 1259 prime?
True
Is 9743 a composite number?
False
Is 3293 a composite number?
True
Is 347723 composite?
True
Is 439646 a composite number?
True
Is 769901 a composite number?
True
Is 157 a prime number?
True
Is 1180423 prime?
True
Is 2418017 composite?
True
Is 12149 a composite number?
False
Is 5991 a composite number?
True
Is 9151 a prime number?
True
Is 107099 a composite number?
False
Is 26879 prime?
True
Is 1990433 a prime number?
True
Is 18973 prime?
True
Is 326351 composite?
False
Is 258743 composite?
False
Is 9461 a composite number?
False
Is 9155 a composite number?
True
Is 104581 prime?
False
Is 22301 a prime number?
False
Is 61909 composite?
False
Is 216451 a composite number?
False
Is 126969 composite?
True
Is 126839 prime?
True
Is 307 a composite number?
False
Is 1102037 a composite number?
True
Is 625915 composite?
True
Is 95429 a prime number?
True
Is 158071 composite?
False
Is 264127 prime?
True
Is 112679 a composite number?
True
Is 393067 prime?
False
Is 38327 a composite number?
False
Is 159709 a prime number?
False
Is 5765 composite?
True
Is 22171 a composite number?
False
Is 45233 prime?
True
Is 33541 prime?
False
Is 1257559 composite?
False
Is 19 composite?
False
Is 77929 a composite number?
False
Is 19777 prime?
True
Is 403 prime?
False
Is 521 prime?
True
Is 506829 a prime number?
False
Is 61261 prime?
True
Is 2477 prime?
True
Is 103613 a composite number?
False
Is 376657 prime?
True
Is 1843 composite?
True
Is 5753 prime?
False
Is 14969 composite?
False
Is 410309 composite?
True
Is 15205 a composite number?
True
Is 79997 composite?
False
Is 26259 a prime number?
False
Is 93153 prime?
False
Is 101219 a prime number?
False
Is 212137 a composite number?
True
Is 12007 a prime number?
True
Is 37831 composite?
False
Is 13607 a composite number?
True
Is 34531 a prime number?
False
Is 14983 composite?
False
Is 5519 a composite number?
False
Is 887009 a prime number?
False
Is 973421 prime?
True
Is 1274401 a prime number?
True
Is 147989 composite?
True
Is 44837 composite?
True
Is 3817 a prime number?
False
Is 400903 a composite number?
False
Is 387935 composite?
True
Is 41887 a prime number?
True
Is 40243 a composite number?
True
Is 502079 prime?
True
Is 734717 prime?
True
Is 304055 composite?
True
Is 4903 a composite number?
False
Is 7747 composite?
True
Is 754333 a prime number?
True
Is 131 composite?
False
Is 5357 a composite number?
True
Is 394619 composite?
False
Is 4111 a composite number?
False
Is 19235 composite?
True
Is 754207 a prime number?
True
Is 5779 composite?
False
Is 22 composite?
True
Is 1288493 a composite number?
True
Is 159 a prime number?
False
Is 19967 a composite number?
True
Is 142267 a composite number?
True
Is 48665 a composite number?
True
Is 20057 a composite number?
True
Is 75209 prime?
True
Is 154237 a composite number?
True
Is 38279 composite?
True
Is 1691 composite?
True
Is 16706 a prime number?
False
Is 887 composite?
False
Is 3953 composite?
True
Is 668903 a prime number?
True
Is 67747 composite?
True
Is 1741431 composite?
True
Is 174539 a composite number?
True
Is 1574783 a prime number?
False
Is 99901 a prime number?
True
Is 1439 a prime number?
True
Is 285661 prime?
True
Is 2371 prime?
True
Is 11829 prime?
False
Is 189447 prime?
False
Is 16561 a prime number?
True
Is 808949 a composite number?
True
Is 33043 a composite number?
True
Is 2705 prime?
False
Is 2317 prime?
False
Is 14395 composite?
True
Is 7901 composite?
False
Is 47557 composite?
True
Is 2921 prime?
False
Is 12149 composite?
False
Is 31091 a prime number?
True
Is 382621 a prime number?
True
Is 6433 composite?
True
Is 34387 composite?
True
Is 641 prime?
True
Is 6385 prime?
False
Is 989435 composite?
True
Is 169049 a prime number?
True
Is 4391 a prime number?
True
Is 118529 composite?
False
Is 38585 prime?
False
Is 379007 prime?
True
Is 22843 prime?
False
Is 32233 composite?
False
Is 34253 composite?
False
Is 4267985 composite?
True
Is 1949 composite?
False
Is 13939 composite?
True
Is 522737 a composite number?
False
Is 122819 composite?
False
Is 29641 a prime number?
True
Is 36035 prime?
False
Is 4489 prime?
False
Is 46538 a prime number?
False
Is 1039 a prime number?
True
Is 145127 a composite number?
True
Is 8899 a prime number?
False
Is 16181 a composite number?
True
Is 40505 composite?
True
Is 863 a composite number?
False
Is 9173 prime?
True
Is 4559 prime?
False
Is 257833 a prime number?
False
Is 13613 composite?
False
Is 2411 a composite number?
False
Is 3683 prime?
False
Is 865 a composite number?
True
Is 800993 a prime number?
True
Is 6331 prime?
False
Is 12319 a prime number?
False
Is 197537 prime?
False
Is 37619 a prime number?
True
Is 155501 prime?
True
Is 12839 composite?
True
Is 51067 a prime number?
False
Is 1195 composite?
True
Is 23251 a prime number?
True
Is 72259 prime?
False
Is 338893 a composite number?
False
Is 851249 composite?
True
Is 276394 prime?
False
Is 13411 prime?
True
Is 585317 composite?
False
Is 31919 a prime number?
False
Is 1111349 a composite number?
True
Is 402874 prime?
False
Is 535774 prime?
False
Is 55999 composite?
True
Is 75181 a prime number?
True
Is 38903 prime?
True
Is 9311 prime?
True
Is 3062071 a composite number?
True
